Suppose -m + 5*m = 192. Let u be 3/(-3 - (-7)/2). What is the highest common factor of u and m?
6
Suppose -z = -5*g + 147, -3*g = 4*z + 3 - 82. What is the highest common divisor of g and 319?
29
Suppose 3*z = -5*r + 55, -2*r = 2*z + 2*z - 22. What is the greatest common divisor of 11 and r?
11
Let n(a) = -a**2 - 7*a - 5. Let z be n(-7). Let v = z + 8. Let c = 13 - -20. What is the greatest common factor of c and v?
3
Let g be ((-24)/(-2))/(6/4). Let s be (2 + g/1)*1. Suppose 0 = -4*z + 12, -2*z - z = 5*x - 359. What is the highest common divisor of x and s?
10
Let w = -4 + 4. Suppose -d - 178 = 5*x, w = 5*d + 2*x - 5*x + 750. Let s = 244 + d. Calculate the highest common factor of s and 13.
13
Suppose 3*d = 2*t + 4 + 8, 0 = 3*d + 2*t - 12. Calculate the greatest common divisor of 4 and d.
4
Suppose 5*a - 19 = 1. Let z = 6 - -4. What is the greatest common factor of z and a?
2
Let b = -70 + 125. Let l = -14 + 25. Calculate the highest common divisor of l and b.
11
Let o(k) = 4*k**3 - 11*k**2 + 4*k - 5. Let f be o(3). What is the highest common divisor of 4 and f?
4
Let c = -1 + -32. Let a be 258/c - 6/33. Let n = 8 - a. What is the highest common factor of 2 and n?
2
Let k = -13 - -31. What is the highest common factor of 36 and k?
18
Let u be (1/(-2))/(2/(-4)) + 39. Calculate the greatest common factor of 5 and u.
5
Let v be 80/(-6)*18/(-12). Calculate the highest common factor of v and 140.
20
Let j = 1 - -1. Let s be 8/1 + 36/9. What is the highest common factor of j and s?
2
Let v(w) = -23*w**3 + 1. Let u be v(-1). What is the greatest common factor of 16 and u?
8
Let i be -1 - -9 - (7 + -3). Suppose 0*d + i = 2*d. What is the greatest common factor of d and 14?
2
Let p(c) = -c**2 - 8*c - 2. Let i be p(-6). Suppose -4*f = -3*x - 54 + 5, 5*f = 5*x + 65. What is the highest common factor of f and i?
10
Suppose 5*l + 0*o + 5*o - 120 = 0, 2*l = 3*o + 33. What is the highest common factor of l and 14?
7
Suppose 3*l - 5*l = -44. What is the highest common divisor of 176 and l?
22
Let p be (-2)/8 - 10/(-8). What is the highest common divisor of 2 and p?
1
Suppose -5*y + y + 60 = 0. Suppose 0 = 4*a - 5 - y. What is the highest common divisor of 40 and a?
5
Suppose -j = -4*j + 54. What is the highest common divisor of j and 2?
2
Suppose -6 = 3*m + 6. Let l = m - -9. Suppose 5*j - 72 = 2*p - 254, -5*p + 385 = l*j. What is the greatest common factor of p and 9?
9
Suppose -3*t + 22 = 4. Let m be t + -2 - -1*1. What is the highest common factor of m and 1?
1
Suppose 20 = 8*w - 7*w. Calculate the highest common factor of 2 and w.
2
Let b = 9 - 6. Suppose -3*x = -b*d + 85 + 35, 3*x = 2*d - 75. Suppose 2*r = 3*r - 5. What is the highest common factor of r and d?
5
Let g = 68 + -28. Suppose -4*r + 2*b = -2*b - g, b + 3 = 0. What is the highest common divisor of 14 and r?
7
Suppose -18 + 2 = -4*o. Let y be (32/6)/(1/6). Suppose 8*n - 4*n = y. Calculate the highest common factor of o and n.
4
Let p be 8/(-44) - (-686)/22 - -2. What is the greatest common divisor of p and 11?
11
Let g = 7 - 5. Suppose -5 = o, 7*m - 2*m = 3*o + 40. What is the highest common divisor of g and m?
1
Let r be (4/(-10))/((-2)/5). Let o be r + 23 + 1 + -2. Let s = -13 + o. Calculate the highest common factor of s and 50.
10
Suppose -4*s - 4*r - 80 = 0, 3*s + 59 = -2*r - 2*r. Let t(a) = -13*a - 1. Let b be t(1). Let i = b - s. Calculate the highest common factor of 28 and i.
7
Suppose -d = -0*d - 5*v - 13, -2*d = -4*v - 14. Suppose d*t - 20 = 2*t. Calculate the highest common divisor of 5 and t.
5
Let s(o) = o**3 - 9*o**2 + 3*o - 12. Let b be s(9). What is the greatest common factor of b and 5?
5
Let a(r) = r - 7 - 2*r - 8*r - 8*r. Let b be a(-7). What is the greatest common divisor of b and 14?
14
Suppose 3*k + 6 = 0, -258 = -5*i + k + 3*k. Calculate the highest common divisor of i and 5.
5
Let b(z) = -24*z - 2. Let i be b(5). Let a = i - -179. Calculate the highest common factor of a and 38.
19
Let l(c) = 13*c + 24. Let q be l(10). Calculate the greatest common divisor of q and 22.
22
Suppose -25 = -3*p - 2*p, 34 = 3*l + 2*p. Let d be l/(-10)*(-75)/10. Calculate the greatest common divisor of d and 30.
6
Suppose 3*o - 5 = -u, 4*o = 2*o - 6. Let c = 11 - 9. What is the highest common divisor of c and u?
2
Let r = 80 + -16. Let h = 30 - -18. Suppose 4*o - o = h. What is the greatest common factor of r and o?
16
Let t(s) = 5*s**2 + 10*s + 5. Let q(u) = 3*u**2 + 4*u + 3. Let b be q(-2). Let a = 0 - b. Let c be t(a). What is the highest common factor of c and 18?
18
Suppose 5*f + 360 = 5*l, 21 = 2*l + 4*f - 153. What is the greatest common factor of 11 and l?
11
Suppose -7 = j - 4. Let h(d) = d**2 - d - 3. Let c be h(j). Suppose m - c = -0*m. Calculate the highest common factor of m and 36.
9
Suppose 213 + 137 = 5*u. Calculate the highest common divisor of u and 28.
14
Let j = 9 + -6. Suppose 0 = -7*x + j*x + 4. Suppose -2*h = 2*n - 16, 16 = 2*h - 3*n - 2*n. Calculate the highest common divisor of h and x.
1
Suppose -38 = -2*r - 8. Calculate the highest common factor of r and 15.
15
Suppose 0 = 7*t - 2*t - 75. Let g(d) = -d + 10. Let b be g(8). Let o = b - -1. Calculate the highest common factor of o and t.
3
Let n = 190 - 135. What is the greatest common divisor of 22 and n?
11
Suppose 7*h - 56 = -5*d + 3*h, h - 44 = -5*d. Calculate the greatest common factor of d and 12.
4
Suppose -5 = y - 2. Let n(h) = -10*h. Let a be n(y). What is the greatest common factor of 75 and a?
15
Let y = 28 - 6. Let t = -15 + y. Suppose -3*p + 2*p + 1 = 0. What is the greatest common factor of p and t?
1
Let f be ((-6)/3)/(2/(-4)). Suppose 3*t + 4*b = -13, f*t + 5*b = -0*t - 16. Suppose 0 = 4*j - 11 - t. What is the highest common factor of j and 33?
3
Let h be (-2)/(-1*2/3). Suppose 2*r - 20 = -h*r. What is the highest common divisor of 44 and r?
4
Let y(h) = -h**3 + h**2 - 15. Let d be y(0). Let i = -10 - d. Let v be (8 + -11)/((-3)/i). What is the highest common factor of 5 and v?
5
Let s be ((-196)/10)/((-4)/20). Calculate the highest common factor of s and 14.
14
Let z(u) = -2*u + 34. Let r be z(14). Let p = 3 - -2. Let j = 11 - p. Calculate the greatest common divisor of j and r.
6
Let k = 414 - 127. Calculate the greatest common divisor of k and 41.
41
Suppose 0 = -4*c + 7 + 25. Calculate the greatest common divisor of c and 8.
8
Suppose r - 120 = -k, -2*k + 2*r = -0*k - 244. Calculate the greatest common factor of k and 11.
11
Let j(i) = -i**3 + 8*i**2 + 8*i + 12. Let w be j(9). Suppose g = -3*p - 4*g + 41, -w*g + 12 = 0. What is the greatest common divisor of 77 and p?
7
Let o = 36 - 21. What is the highest common divisor of 5 and o?
5
Let g = 88 + -77. What is the greatest common factor of 22 and g?
11
Suppose -2*i + 190 = 5*s, s + s + i - 77 = 0. What is the highest common factor of s and 4?
4
Let m = 81 - 63. Calculate the highest common factor of m and 12.
6
Let x(g) = 2*g + 2. Let o be x(1). Suppose 2*a + 612 = 4*d, -171 = -d - o*a - 0. What is the highest common divisor of d and 62?
31
Let z be (-328)/(-5) + 1/(10/(-6)). Calculate the highest common factor of 13 and z.
13
Suppose 4*z - 2*j + 7*j + 21 = 0, 2*z - 3*j = 17. What is the highest common factor of z and 3?
1
Let w be 53 + -4 + (0 - 0). Calculate the highest common factor of w and 343.
49
Let i(f) = 7*f**2 + 3*f - 2. Let p be i(2). Let b = -4 + 12. Calculate the greatest common factor of b and p.
8
Let l = 12 + -10. Calculate the greatest common factor of l and 5.
1
Let f(k) = k - 9. Let n be f(4). Let u = 5 + n. Suppose -s + 2 + 3 = u. Calculate the greatest common divisor of 45 and s.
5
Let s = 98 - 0. What is the greatest common factor of s and 14?
14
Let u(x) = x**2 - 9*x - 6. Let y be (10/(-3))/(2/(-6)). Let m be u(y). Suppose -m*d + 142 = -390. What is the greatest common divisor of d and 19?
19
Suppose 0*n - 2*n + 4*b = -12, -3*n + 4*b = -26. Calculate the highest common divisor of 42 and n.
14
Let g(a) = -a**3 + 4*a**2 + 4. Let v be g(4). Suppose 1 = -2*c - 3, 3*c + 70 = 2*i. What is the highest common factor of i and v?
4
Let s = 6 + -14. Let o be 4/(-6)*12/s. Suppose 4*j - 11 = 25. Calculate the highest common factor of o and j.
1
Let i(p) = -p**3 + 10*p**2 + 12*p + 15. Let c be i(12). Let r be c/(-12) + (-2)/(-8). Wh